332?
False
Is 508 a factor of 3902456?
True
Is 460346 a multiple of 42?
False
Does 11 divide 1029217?
False
Is 4 a factor of 1135136?
True
Is 380 a factor of 2153080?
True
Does 58 divide 306240?
True
Is 411933 a multiple of 318?
False
Does 267 divide 855735?
True
Is 925432 a multiple of 8?
True
Is 3441880 a multiple of 472?
False
Is 35216 a multiple of 16?
True
Is 17 a factor of 191284?
True
Is 258720 a multiple of 32?
True
Is 2494606 a multiple of 368?
False
Is 237 a factor of 2659140?
True
Does 41 divide 438851?
False
Does 1373 divide 5209820?
False
Is 116 a factor of 14811112?
True
Does 57 divide 9702027?
True
Does 394 divide 165480?
True
Is 346 a factor of 2178762?
True
Is 168 a factor of 2142717?
False
Is 183 a factor of 715164?
True
Is 493934 a multiple of 442?
False
Does 104 divide 258960?
True
Does 65 divide 196040?
True
Is 254 a factor of 114808?
True
Is 172113 a multiple of 13?
False
Is 166 a factor of 347936?
True
Is 92 a factor of 6996048?
True
Does 83 divide 606896?
True
Is 2384717 a multiple of 7?
False
Does 59 divide 6195?
True
Is 10 a factor of 1976140?
True
Does 34 divide 351089?
False
Does 461 divide 373754?
False
Is 2 a factor of 3787?
False
Is 44 a factor of 550176?
True
Is 62040 a multiple of 94?
True
Is 83421 a multiple of 41?
False
Does 176 divide 1044018?
False
Is 2027452 a multiple of 2?
True
Does 61 divide 10460?
False
Does 30 divide 8091900?
True
Is 394 a factor of 9579317?
False
Does 6 divide 35780?
False
Is 854983 a multiple of 16?
False
Does 35 divide 112758?
False
Is 176 a factor of 451088?
True
Is 8 a factor of 118880?
True
Is 7407083 a multiple of 154?
False
Is 23 a factor of 643674?
False
Is 22183 a multiple of 25?
False
Does 64 divide 198955?
False
Is 45 a factor of 58563?
False
Is 146418 a multiple of 23?
True
Does 32 divide 20715506?
False
Is 60 a factor of 7135?
False
Does 794 divide 778120?
True
Is 41800 a multiple of 10?
True
Is 15098517 a multiple of 63?
True
Is 4074848 a multiple of 29?
True
Is 17250 a multiple of 10?
True
Is 156400 a multiple of 16?
True
Does 3 divide 3213452?
False
Is 1397 a factor of 12011406?
True
Is 1280 a factor of 1848320?
True
Does 15 divide 329745?
True
Does 5 divide 534475?
True
Is 9 a factor of 27054?
True
Does 153 divide 17670888?
True
Is 16419298 a multiple of 12?
False
Is 17 a factor of 15057733?
True
Does 99 divide 45144?
True
Does 10 divide 292220?
True
Is 3484116 a multiple of 204?
True
Is 1309 a factor of 3357585?
True
Does 72 divide 26094?
False
Is 461094 a multiple of 62?
True
Is 21 a factor of 16926?
True
Is 7 a factor of 50100?
False
Does 13 divide 68405?
False
Is 405449 a multiple of 11?
True
Is 66 a factor of 53526?
True
Is 3303235 a multiple of 445?
True
Is 475 a factor of 901075?
True
Is 95858 a multiple of 14?
True
Is 21 a factor of 412488?
False
Is 419 a factor of 1901422?
True
Is 49049 a multiple of 10?
False
Is 5 a factor of 3707249?
False
Is 33 a factor of 73340?
False
Does 126 divide 121968?
True
Is 284124 a multiple of 4?
True
Is 31 a factor of 1925906?
True
Does 440 divide 282040?
True
Is 8 a factor of 37552?
True
Is 530353 a multiple of 122?
False
Is 5 a factor of 12057?
False
Does 141 divide 32520?
False
Does 25 divide 97657?
False
Is 894892 a multiple of 818?
True
Does 8 divide 374144?
True
Is 753833 a multiple of 21?
False
Does 224 divide 5070162?
False
Does 671 divide 7611824?
True
Does 281 divide 1145305?
False
Is 204600 a multiple of 110?
True
Does 243 divide 4271584?
False
Is 159744 a multiple of 78?
True
Is 12 a factor of 163621?
False
Is 804975 a multiple of 32?
False
Does 22 divide 91762?
True
Is 45 a factor of 5853448?
False
Is 21 a factor of 2020305?
True
Does 202 divide 11275962?
False
Is 45 a factor of 96386?
False
Is 22 a factor of 5836516?
False
Is 14656287 a multiple of 44?
False
Is 160568 a multiple of 74?
False
Is 75220 a multiple of 213?
False
Is 135339 a multiple of 13?
False
Is 367 a factor of 2623316?
True
Does 15 divide 184230?
True
Does 82 divide 5625446?
True
Does 33 divide 702886?
False
Is 21 a factor of 4670001?
True
Is 76 a factor of 69388?
True
Is 1453744 a multiple of 19?
False
Is 4 a factor of 73744?
True
Is 4135178 a multiple of 239?
True
Does 82 divide 19542486?
True
Is 36 a factor of 58001?
False
Is 674364 a multiple of 16?
False
Does 2677 divide 23166488?
False
Is 580552 a multiple of 7?
True
Is 196 a factor of 5144712?
False
Is 2961625 a multiple of 551?
True
Is 2901152 a multiple of 16?
True
Does 4 divide 541776?
True
Is 15 a factor of 200840?
False
Is 40 a factor of 2190560?
True
Is 15 a factor of 1557456?
False
Is 58490 a multiple of 63?
False
Is 1195 a factor of 7393670?
False
Is 110 a factor of 5832310?
True
Does 29 divide 2825509?
False
Does 116 divide 281996?
True
Does 64 divide 1004084?
False
Is 18 a factor of 180180?
True
Is 861563 a multiple of 453?
False
Is 20 a factor of 24640?
True
Is 220472 a multiple of 2?
True
Is 314 a factor of 111711?
False
Is 18 a factor of 246861?
False
Is 46737 a multiple of 81?
True
Does 21 divide 123144?
True
Does 156 divide 1392144?
True
Is 238510 a multiple of 387?
False
Is 1639548 a multiple of 38?
True
Is 26 a factor of 262013?
False
Does 284 divide 97128?
True
Is 233 a factor of 1985393?
True
Is 74 a factor of 683646?
False
Is 14 a factor of 20226024?
True
Is 186051 a multiple of 3?
True
Is 43 a factor of 819193?
True
Does 577 divide 1318299?
False
Is 1257580 a multiple of 52?
False
Is 45 a factor of 628331?
False
Does 109 divide 1940270?
False
Does 52 divide 453232?
True
Is 237661 a multiple of 228?
False
Is 473396 a multiple of 203?
True
Is 242301 a multiple of 51?
True
Does 10 divide 72898?
False
Is 173 a factor of 156593?
False
Is 126 a factor of 421515?
False
Is 60082 a multiple of 7?
False
Is 588 a factor of 38808?
True
Does 76 divide 1139523?
False
Is 462244 a multiple of 31?
False
Is 35 a factor of 155435?
True
Is 77480 a multiple of 65?
True
Is 2057684 a multiple of 586?
False
Is 1639244 a multiple of 210?
False
Does 168 divide 2380135?
False
Does 3 divide 50250?
True
Is 33 a factor of 879912?
True
Is 640601 a multiple of 15?
False
Is 2195697 a multiple of 57?
True
Is 7 a factor of 11522024?
False
Is 15113544 a multiple of 13?
False
Is 32172541 a multiple of 357?
False
Does 131 divide 697149?
False
Does 661 divide 6224637?
True
Is 18869812 a multiple of 19?
True
Is 8 a factor of 1401989?
False
Is 10 a factor of 23530?
True
Is 7 a factor of 6109904?
False
Is 3476540 a multiple of 46?
False
Does 29 divide 132265?
False
Does 217 divide 528492?
False
Is 652557 a multiple of 111?
False
Is 414 a factor of 2199582?
True
Does 221 divide 903448?
True
Is 426 a factor of 299478?
True
Is 34 a factor of 375284?
False
Does 63 divide 441?
True
Is 268 a factor of 65928?
True
Does 25 divide 33097?
False
Does 186 divide 301134?
True
Is 235620 a multiple of 1020?
True
Is 433693 a multiple of 177?
False
Is 234 a factor of 15638241?
False
Is 32 a factor of 3642255?
False
Is 82980 a multiple of 461?
True
Does 22 divide 4062102?
True
Is 184 a factor of 20871?
False
Is 398017 even?
False
Is 6508841 a multiple of 73?
False
Is 39715 a multiple of 13?
True
Is 138 a factor of 104052?
True
Is 7854 a multiple of 34?
True
Is 519650 a multiple of 6?
False
Is 6516224 a multiple of 178?
True
Does 285 divide 595775?
False
Is 7618095 a multiple of 449?
False
Is 64 a factor of 2597824?
True
Does 20 divide 490120?
True
Is 184 a factor of 264040?
True
Is 287 a factor of 12915?
True
Does 32 divide 326848?
True
Is 14648 a multiple of 8?
True
Is 23448 a multiple of 4?
True
Is 1485072 a multiple of 144?
True
Is 75 a factor of 42438?
False
Is 283608 a multiple of 312?
True
Is 349 a factor of 2116874?
False
Is 3844726 a multiple of 106?
True
Does 245 divide 19385?
False
Is 2 a factor of 40513?
False
Does 14 divide 234481?
False
Is 5426604 a multiple of 36?
True
Is 154 a factor of 334488?
True
Is 1703406 a multiple of 17?
False
Does 204 divide 565080?
True
Does 18 divide 1393146?
True
Does 13 divide 2249026?
True
Is 59137 a multiple of 81?
False
Is 2548000 a multiple of 224?
True
Does 5 divide 26553?
False
Does 93 divide 882556?
False
Is 7 a factor of 830907?
True
Does 4 divide 70863?
False
Does 115 divide 103960?
True
Does 85 divide 933895?
True
Is 39 a factor of 8235550?
False
Is 105219 a multiple of